t d(y) = -y**3 + 3*y**2 + 6*y - 7. Let s be d(4). Suppose -k + w + 25 + s = 0, 4*w + 127 = 5*k. What is the remainder when k is divided by 13?
10
Let w be (-2)/18 - 2752/18. Let o = -151 - w. Calculate the remainder when 13 is divided by o.
1
Suppose -20 = -10*x + 10. Suppose -x*p = -p - 100. Calculate the remainder when p is divided by ((-2)/3)/((-8)/204).
16
Let v(d) = 6*d + 231. Let s(x) = -x - 33. Let f(z) = 27*s(z) + 4*v(z). What is the remainder when 28 is divided by f(9)?
4
Suppose -4*z - 2*h = z - 60, 33 = 2*z - h. Let q(y) = -47*y + 1606. Calculate the remainder when z is divided by q(34).
6
Let t = 887 + -365. What is the remainder when t is divided by 35?
32
Let v = -1335 - -1740. What is the remainder when v is divided by 86?
61
Suppose 155 = 2*z + 115. Calculate the remainder when 194 is divided by z.
14
Suppose i = -0*i + 3. Suppose i*t - 53 = a, -45 = -5*t + 2*t - 3*a. Calculate the remainder when -2 + (65 - 0) + 3 is divided by t.
15
Let l(n) = -3*n**2 + 38*n - 2. Calculate the remainder when 152 is divided by l(12).
20
Suppose -4*c = -3*k - 344, 5*c + 336 = 9*c - 5*k. Calculate the remainder when 708 is divided by c.
85
Let d = 4 + 63. Suppose -u = -4*l + 72, 93*u - 18 = -l + 96*u. Calculate the remainder when d is divided by l.
13
Let j = 7 - -82. Calculate the remainder when j is divided by 46.
43
Let a = -86 + 303. What is the remainder when a is divided by 80?
57
Let m(b) = 5*b - 4. Let k = 87 + -80. Calculate the remainder when m(6) is divided by k.
5
Let y be 12/(5 + (-6)/2). Let h(k) = -k + 11. Calculate the remainder when h(y) is divided by 3/(1/(2/3)).
1
Let c(r) = 14*r**3 - r**2 + r. Calculate the remainder when c(2) is divided by 31.
17
Let q(r) = 11*r + 14. Let c be q(-2). Let b(u) = 3*u**2 + 10*u - 13. What is the remainder when b(c) is divided by 25?
24
What is the remainder when 245 is divided by 48/(3 - -9)*(-21)/(-1)?
77
Let a = 362 + -309. Calculate the remainder when 155 is divided by a.
49
Let p(q) = -q. Let c be p(0). Suppose 0 = -2*d + 6, 2*n - 29 = -c*d - d. Suppose -4*y + 72 = -2*y. What is the remainder when y is divided by n?
10
Let g(z) = -z**2 - 18*z + 3. Calculate the remainder when 296 is divided by g(-12).
71
Let f = -679 - -688. Calculate the remainder when 58 is divided by f.
4
Let b(i) = 2*i**2 + 4*i + 2. Let h = 8 + -6. Suppose -3*p - 3*g = 0, -h*p = -p + 2*g + 3. Calculate the remainder when p is divided by b(-2).
1
Let g(w) = -2*w + 19. Let u(b) = 2*b + 18. Let f be u(-6). Calculate the remainder when 41 is divided by g(f).
6
Suppose 0 = -18*d - 445 + 1489. Calculate the remainder when d is divided by 6.
4
Let f(p) = 6*p + 116. What is the remainder when 105 is divided by f(-14)?
9
Let c = 26 - -79. Suppose 0 = -w + 4 + 23. Calculate the remainder when c is divided by w.
24
Suppose 2*d - 5*m - 300 = -3*m, -5*m + 168 = d. Suppose 0 = 44*y - 50*y + 234. Calculate the remainder when d is divided by y.
36
Suppose 11 = 5*g - 19. Suppose 3*b + 21 = g*b. Let u(h) = h**2 - 4*h + 3. Calculate the remainder when u(7) is divided by b.
3
Let g = 139 + 72. Suppose -3*h - 2*h + 3*p + g = 0, 0 = h - 2*p - 45. What is the remainder when h is divided by 14?
13
Let y(u) = u**2 - 3*u + 1. Let q be y(4). Suppose 5*z - 21 = -6. Suppose -j = 3*r - q, -5*r + 48 = z*j + j. Calculate the remainder when j is divided by 10.
7
Let c = 9 - 4. Suppose -16*o + 9 + 23 = 0. Calculate the remainder when c is divided by o.
1
Calculate the remainder when ((-14)/(-21))/(4/(-6)) + 39 is divided by 24.
14
Let s = 816 - 528. What is the remainder when 87 is divided by s/18 - (-1 - 2*-1)?
12
Suppose 0 = -z - 4*z + 4*k + 38, 4*z - 2*k - 28 = 0. Suppose 5*q + 10 = z*q. Calculate the remainder when 28 is divided by q.
8
Let c = -450 - -539. What is the remainder when c is divided by 18?
17
Suppose -8*w = 3*d - 4*w - 277, 4*d + w = 391. Calculate the remainder when 45 is divided by 20/3*d/55.
9
Suppose x + 18 = r, 30 = 3*r - 17*x + 22*x. What is the remainder when 57 is divided by r?
12
Suppose -9*c + 119 + 466 = 0. Suppose -2*j = -0*j - 68. What is the remainder when c is divided by j?
31
What is the remainder when 188 is divided by (3 - (-10 - 43))*1/2?
20
Let y(i) = -2*i - 6. Let v(c) = -5*c + 111. What is the remainder when v(19) is divided by y(-6)?
4
Let p = -41 + 67. Let i = -15 + p. What is the remainder when 30 is divided by i?
8
Calculate the remainder when 114 is divided by (666/(-888))/((-1)/(-76)*-1).
0
What is the remainder when 103 is divided by 2/((-8)/(-60)) + 0?
13
Let r(o) = o**3 - 2*o**2 - 6*o + 5. Suppose 10*p - 20 = 5*p. Calculate the remainder when 37 is divided by r(p).
11
What is the remainder when 3/8 - (-161175)/600 is divided by 34?
31
What is the remainder when 413 is divided by 16/((16/(-112))/((-4)/14))?
29
Let s = 3 + 4. Let k be 66/(-55)*5/1. Let j = k + 24. Calculate the remainder when j is divided by s.
4
Suppose -4*r + 4 = i - 5, 3*i - r = 66. What is the remainder when 62 is divided by i?
20
Suppose 39*c - 1505 = 4*c. Let x = 85 + 83. Calculate the remainder when x is divided by c.
39
Let l = -389 + 594. What is the remainder when l is divided by 35?
30
Suppose 0 = -r - 4*r - 165. Let d be ((-41)/(-3))/((-11)/r). Suppose -d = -3*k + 4. What is the remainder when 29 is divided by k?
14
Suppose 73*y - 63*y = 5230. What is the remainder when y is divided by 25?
23
Let j = -395 + 404. What is the remainder when 205 is divided by j?
7
Let w = 41 - -215. Suppose 3*n - w = -4*c + 2*n, n + 4 = 0. What is the remainder when c is divided by 17?
14
Suppose 4*w - 3*s - 143 - 106 = 0, -5*s - 255 = -4*w. Calculate the remainder when w is divided by 40.
20
Let y(x) = -3*x**3 - 23*x**2 - 17*x - 33. What is the remainder when y(-10) is divided by 42?
39
Let j = 26 + 243. What is the remainder when j is divided by 34?
31
Suppose 6*w - 36 = 12. Let f(l) = 2*l**2 + 2*l - 1. Let c be f(-2). What is the remainder when 46 is divided by w + c + 1/1?
10
Let l = 113 - 87. What is the remainder when 76 is divided by l?
24
Calculate the remainder when 562 is divided by 12 + (-411)/(-5) + 4/5.
87
Let h be -1 + 1 + 0 - 10. Let i(b) be the third derivative of b**5/60 + 5*b**4/24 - 7*b**3/6 - 27*b**2. What is the remainder when i(h) is divided by 15?
13
Suppose -2*w = -23 - 11. Let u(p) = -2*p**2 + 15*p + 4. Let t be u(8). Let a = t + w. Calculate the remainder when 48 is divided by a.
9
Let w(v) = -v**3 - 5*v**2 + 9*v - 9. Let p(i) = 2*i + 19. Let f be p(-13). Let s be w(f). Let k = s + -6. Calculate the remainder when 38 is divided by k.
18
Let c(q) = 8*q**2 + 12*q - 25. Calculate the remainder when 260 is divided by c(2).
12
What is the remainder when (11022/44)/((-9)/(-6)) is divided by 57?
53
Let s(c) = 3*c**3 - 4*c**2. Let y be s(3). Calculate the remainder when -5 + ((-3)/(-9))/(5/585) is divided by ((-6)/5)/((-6)/y).
7
Let z(g) = -g**3 + 16*g**2 - 14*g + 12. What is the remainder when 66 is divided by z(15)?
12
Let n = -258 + 405. What is the remainder when n is divided by 74?
73
Suppose 18*m = -10 + 136. Calculate the remainder when 286 is divided by m.
6
Let v = 339 + -298. Calculate the remainder when v is divided by 14.
13
Suppose -4*c + 2 = 10, -2*m = 2*c - 142. What is the remainder when m is divided by 42?
31
Suppose -2*g = 3*h + 8, 2*h - 7*h - 2*g - 8 = 0. Suppose -x + h*x = -85. Calculate the remainder when x is divided by 10.
5
Suppose 0*t - 2 = t. Let p(j) = -18*j**3 + j**2. Calculate the remainder when p(-1) is divided by -5*2/(t - 0).
4
Suppose 4*n - 20 = 0, -5*a + 2*n = n - 40. Let p = a - 6. Suppose -u = -p*b + 67, -3*u - 47 = -4*b + 2*b. Calculate the remainder when 63 is divided by b.
19
Let f(r) be the second derivative of r**4/12 - r**3/2 - r**2/2 + r. Let k = 150 + -140. Calculate the remainder when f(-4) is divided by k.
7
Calculate the remainder when (604/(-32))/(26/(-208)) is divided by 43.
22
Let g(d) = 60*d - 13. Let x be (5/10)/((-2)/(-20)). Suppose -5*f + x*l = -80, l - 60 = -4*f + 4*l. What is the remainder when g(1) is divided by f?
11
Let h = 245 - 174. Let q = -52 + h. Calculate the remainder when 33 is divided by q.
14
Let h(y) = -9*y - 32. Suppose -d - 2*d + 33 = 0. What is the remainder when h(-5) is divided by d?
2
Let q = -22 + 34. What is the remainder when (-74)/60 + 84/60 + (-62